when 152 is divided by 25.
2
What is the remainder when 62 is divided by 15?
2
What is the remainder when 863 is divided by 54?
53
What is the remainder when 196 is divided by 17?
9
What is the remainder when 99 is divided by 55?
44
What is the remainder when 6348 is divided by 73?
70
Calculate the remainder when 1240 is divided by 23.
21
Calculate the remainder when 109 is divided by 24.
13
Calculate the remainder when 217 is divided by 4.
1
What is the remainder when 406 is divided by 59?
52
What is the remainder when 56 is divided by 29?
27
What is the remainder when 168 is divided by 43?
39
Calculate the remainder when 921 is divided by 11.
8
What is the remainder when 321 is divided by 4?
1
Calculate the remainder when 863 is divided by 17.
13
Calculate the remainder when 657 is divided by 219.
0
What is the remainder when 214 is divided by 51?
10
What is the remainder when 639 is divided by 16?
15
Calculate the remainder when 52 is divided by 26.
0
What is the remainder when 543 is divided by 39?
36
What is the remainder when 9790 is divided by 51?
49
What is the remainder when 1987 is divided by 65?
37
What is the remainder when 14671 is divided by 131?
130
What is the remainder when 14559 is divided by 160?
159
What is the remainder when 318 is divided by 32?
30
Calculate the remainder when 469 is divided by 150.
19
What is the remainder when 522 is divided by 94?
52
What is the remainder when 568 is divided by 270?
28
What is the remainder when 246 is divided by 8?
6
What is the remainder when 11826 is divided by 91?
87
Calculate the remainder when 228 is divided by 23.
21
What is the remainder when 88 is divided by 13?
10
Calculate the remainder when 1256 is divided by 45.
41
Calculate the remainder when 1323 is divided by 102.
99
What is the remainder when 471 is divided by 73?
33
What is the remainder when 477 is divided by 125?
102
What is the remainder when 2397 is divided by 24?
21
What is the remainder when 26 is divided by 9?
8
What is the remainder when 3055 is divided by 6?
1
Calculate the remainder when 1432 is divided by 320.
152
Calculate the remainder when 65 is divided by 11.
10
What is the remainder when 627 is divided by 35?
32
Calculate the remainder when 116 is divided by 30.
26
What is the remainder when 417 is divided by 53?
46
What is the remainder when 15178 is divided by 138?
136
What is the remainder when 101 is divided by 46?
9
Calculate the remainder when 43 is divided by 32.
11
Calculate the remainder when 1625 is divided by 16.
9
Calculate the remainder when 337 is divided by 73.
45
Calculate the remainder when 427 is divided by 107.
106
Calculate the remainder when 1032 is divided by 94.
92
What is the remainder when 66 is divided by 24?
18
What is the remainder when 815 is divided by 25?
15
What is the remainder when 8715 is divided by 16?
11
What is the remainder when 196 is divided by 81?
34
What is the remainder when 56 is divided by 21?
14
What is the remainder when 236 is divided by 8?
4
Calculate the remainder when 1038 is divided by 149.
144
What is the remainder when 270 is divided by 265?
5
What is the remainder when 1513 is divided by 500?
13
Calculate the remainder when 2300 is divided by 105.
95
What is the remainder when 69 is divided by 32?
5
Calculate the remainder when 1860 is divided by 38.
36
What is the remainder when 435 is divided by 128?
51
Calculate the remainder when 355 is divided by 24.
19
What is the remainder when 960 is divided by 74?
72
What is the remainder when 2822 is divided by 25?
22
Calculate the remainder when 1007 is divided by 56.
55
What is the remainder when 628 is divided by 71?
60
Calculate the remainder when 189 is divided by 26.
7
What is the remainder when 222 is divided by 129?
93
What is the remainder when 138 is divided by 65?
8
Calculate the remainder when 1336 is divided by 17.
10
What is the remainder when 1131 is divided by 54?
51
Calculate the remainder when 518 is divided by 65.
63
Calculate the remainder when 27598 is divided by 3.
1
Calculate the remainder when 207 is divided by 32.
15
Calculate the remainder when 6791 is divided by 86.
83
Calculate the remainder when 43 is divided by 9.
7
What is the remainder when 125 is divided by 107?
18
What is the remainder when 2839 is divided by 58?
55
What is the remainder when 8062 is divided by 12?
10
Calculate the remainder when 4561 is divided by 4559.
2
Calculate the remainder when 1334 is divided by 19.
4
Calculate the remainder when 47001 is divided by 35.
31
What is the remainder when 717 is divided by 33?
24
Calculate the remainder when 2087 is divided by 16.
7
Calculate the remainder when 277 is divided by 19.
11
What is the remainder when 1264 is divided by 14?
4
What is the remainder when 925 is divided by 29?
26
What is the remainder when 25 is divided by 16?
9
Calculate the remainder when 1354 is divided by 222.
22
What is the remainder when 156 is divided by 9?
3
What is the remainder when 145 is divided by 21?
19
Calculate the remainder when 1612 is divided by 125.
112
Calculate the remainder when 835 is divided by 27.
25
Calculate the remainder when 479 is divided by 80.
79
Calculate the remainder when 130 is divided by 8.
2
Calculate the remainder when 799 is divided by 25.
24
Calculate the remainder when 60 is divided by 21.
18
What is the remainder when 327 is divided by 10?
7
Calculate the remainder when 745 is divided by 186.
1
What is the remainder when 1660 is divided by 98?
92
Calculate the remainder when 319 is divided by 14.
11
Calculate the remainder when 305 is divided by 7.
4
What is the remainder when 58 is divided by 17?
7
What is the remainder when 33 is divided by 18?
15
Calculate the remainder when 132 is divided by 41.
9
Calculate the remainder when 92 is divided by 2.
0
Calculate the remainder when 1924 is divided by 240.
4
Calculate the remainder when 346 is divided by 8.
2
Calculate the remainder when 1357 is divided by 14.
13
What is the remainder when 107 is divided by 2?
1
What is the remainder when 232 is divided by 3?
1
What is the remainder when 1401 is divided by 47?
38
Calculate the remainder when 1143 is divided by 404.
335
What is the remainder when 854 is divided by 33?
29
Calculate the remainder when 1229 is divided by 215.
154
Calculate the remainder when 59 is divided by 4.
3
Calculate the remainder when 2016 is divided by 20.
16
Calculate the remainder when 1089 is divided by 22.
11
Calculate the remainder when 484 is divided by 170.
144
Calculate the remainder when 70 is divided by 16.
6
What is the remainder when 181 is divided by 11?
5
Calculate the remainder when 101121 is divided by 11.
9
What is the remainder when 4827 is divided by 23?
20
What is the remainder when 163 is divided by 70?
23
What is the remainder when 29 is divided by 20?
9
Calculate the remainder when 357 is divided by 36.
33
What is the remainder when 980 is divided by 123?
119
Calculate the remainder when 136 is divided by 125.
11
What is the remainder when 68 is divided by 14?
12
What is the remainder when 238 is divided by 82?
74
Calculate the remainder when 108 is divided by 33.
9
What is the remainder when 49 is divided by 10?
9
Calculate the remainder when 101 is divided by 27.
20
Calculate the remainder when 104 is divided by 7.
6
What is the remainder when 766 is divided by 54?
10
Calculate the remainder when 812 is divided by 215.
167
What is the remainder when 398 is divided by 40?
38
Calculate the remainder when 644 is divided by 33.
17
Calculate the remainder when 323 is divided by 155.
13
What is the remainder when 359 is divided by 63?
44
Calculate the remainder when 236 is divided by 24.
20
Calculate the remainder when 22618 is divided by 26.
24
What is the remainder when 375 is divided by 24?
15
What is the remainder when 361 is divided by 7?
4
What is the remainder when 1293 is divided by 81?
78
What is the remainder when 1356 is divided by 146?
42
What is the remainder when 399 is divided by 25?
24
Calculate the remainder when 262 is divided by 44.
42
What is the remainder when 231 is divided by 4?
3
Calculate the remainder when 334 is divided by 35.
19
Calculate the remainder when 446 is divided by 10.
6
What is the remainder when 1465 is divided by 148?
1